test common factor of 14 and j?
14
Suppose -5*b = -216 - 224. Suppose -4*a + b = 24. Let i be (-4*2)/(2/(-4)). Calculate the greatest common factor of a and i.
16
Suppose -3 = w + 1, 2*y - 2*w = 28. Let r(i) = -i**3 + 10*i**2 + i + 6. Let c be r(y). Calculate the greatest common divisor of 24 and c.
8
Let k(d) = 4*d**2 + d + 1. Let l be (9/(-6))/((-9)/(-12)). Let f be k(l). Calculate the highest common divisor of f and 6.
3
Let d be ((-33)/6)/(2/(-4)). Let f be d/(-3*3/(-9)). Suppose 4*z = 63 - f. What is the greatest common divisor of z and 143?
13
Let r be 3*((-4)/(-6))/1. Let w be (r/(-4))/((-2)/(-20)). Let a = 4 - w. Calculate the highest common factor of 81 and a.
9
Let m = -146 - -236. Suppose -3*v = -12 - 18. Calculate the greatest common factor of m and v.
10
Let s(f) = -f**3 + 6*f**2 - 7*f + 7. Let l be s(5). Let p = 5 + l. Let h be 4/p*(-63)/(-14). What is the greatest common factor of 72 and h?
9
Let w(j) = 6*j**2 + 0*j**2 - 5*j**2 + 7. Let o be w(5). What is the highest common factor of o and 4?
4
Suppose 5*i = 4*s + 40, -i + 9*s = 4*s - 8. Let r be ((-462)/8)/((-3)/i). Calculate the greatest common factor of r and 14.
14
Let r(s) = 6*s + 20. Let q be r(11). Calculate the highest common divisor of q and 215.
43
Let n be (-104)/(20/(-5)) - (0 - 4). Calculate the greatest common factor of n and 10.
10
Let n = -16 + 31. Calculate the greatest common factor of n and 3.
3
Let r(a) = 2*a + 2. Let j(g) = 3*g + 3. Let x(f) = 3*j(f) - 4*r(f). Suppose -5*m + 0*m + 25 = 0. Let z be x(m). What is the highest common divisor of z and 9?
3
Suppose 0 = 5*x + 3*w - 195, -5*x - w = -187 - 18. Calculate the highest common divisor of 21 and x.
21
Let v = 15 - -40. Let d = 33 - 28. Calculate the greatest common factor of d and v.
5
Let j(v) = -v**3 + 6*v**2 - 3*v - 4. Let f = 80 + 46. Let g be (-1)/5 - f/(-30). Let m be j(g). What is the highest common divisor of 40 and m?
8
Let j be 1/3 - (-1 + (-1580)/12). Let i be (-620)/(-14) + 2/(-7). Let d = 63 - i. Calculate the highest common factor of j and d.
19
Let f(u) = 19*u**2 + 4*u - 2. Let i be f(-4). Calculate the highest common divisor of 26 and i.
26
Let i be 2*(-22)/(-6) - 10/(-15). What is the greatest common factor of i and 4?
4
Let l = 26 - 18. Let m = 13 - l. Suppose -2*x + 8 = 0, 0*j + m*j - 6 = x. What is the greatest common factor of 14 and j?
2
Let s be (1 + 2)/(1/3). Let b = s + -5. Suppose b*g + 0 = 4. Calculate the highest common divisor of 11 and g.
1
Let z be (18/(-4))/(6/(-16)). Let v = -22 + 12. Let b be (-22)/(-6)*(-360)/v. What is the greatest common factor of b and z?
12
Let p be 4*(-2)/(-20)*150. What is the highest common factor of p and 30?
30
Let o(l) = 3*l**2 + l - 1. Let j be o(1). Suppose -j*x - 4 + 31 = 0. What is the highest common factor of 36 and x?
9
Let r(z) be the second derivative of -z**4/12 - 3*z**3/2 + 4*z**2 + 3*z. Let h be r(-7). Calculate the highest common divisor of h and 198.
22
Let z = -1 - -1. Suppose 3*r - 5*g = -1, 0 = -3*r - z*g + 2*g + 5. Suppose -2*j = -r*l + 20, l = -2*l - j + 35. What is the highest common factor of 15 and l?
5
Let f = -86 - -91. Let k = -1 - -2. What is the greatest common divisor of k and f?
1
Suppose 3*t = 2*z + 15 + 14, z = -4. Calculate the greatest common divisor of t and 35.
7
Let p = 141 + -130. What is the highest common divisor of p and 99?
11
Let j(h) = h**2 - 16*h - 2. Let u be j(20). Calculate the highest common divisor of 52 and u.
26
Let c = 232 + -124. Calculate the greatest common factor of 27 and c.
27
Suppose y = 2*y + 84. Let s be y/(-2)*5/15. What is the highest common factor of s and 98?
14
Let p(d) = -d - 1. Let j be (-20)/5*18/8. Let h be p(j). Calculate the highest common divisor of h and 20.
4
Let f be 6/(0 - (-3)/2). Suppose -7*x = -f*x - 57. Calculate the greatest common divisor of 19 and x.
19
Suppose 2*z - 3*a = 32, -64 = -4*z + 6*a - a. Calculate the greatest common factor of z and 40.
8
Suppose 0 = 4*y - 11 - 1. Let b(f) = -2*f + 3. Let i be b(0). What is the greatest common factor of y and i?
3
Suppose 2*g = -2*b + 4*g + 28, 3*g = -4*b + 21. Let y(w) = w**2 - 9*w + 2. Let k be y(b). Calculate the highest common divisor of 3 and k.
1
Let h = 1029 + -699. What is the highest common divisor of 30 and h?
30
Suppose 38 - 13 = y. Let n(c) = 3*c - 1. Let i be n(2). Calculate the highest common factor of i and y.
5
Suppose 0 = z - 3*z, 0 = 4*f - 4*z - 156. Calculate the highest common factor of 26 and f.
13
Suppose 2*x = 2*m - 116 - 36, -372 = -5*m + 3*x. What is the greatest common factor of m and 18?
18
Let m be (-2470)/(-3) - (-2)/3. Suppose 3*z = -110 + m. Let t be z/18 - 4/18. What is the highest common factor of 117 and t?
13
Let d = 67 + -23. Let a(s) = 2*s**2 + 2*s - 1. Let i be a(2). Calculate the greatest common factor of d and i.
11
Let c = -60 + 95. Let i be (-1 + 2)/((-2)/46). Let m = i + c. Calculate the greatest common divisor of 96 and m.
12
Let m(n) = -4*n - 1. Let q be m(-2). Suppose -3*r + 2*x = -q*r, 4*x + 14 = -r. Let i = -5 - -8. Calculate the greatest common factor of r and i.
1
Let f(k) = -k**3 + 7*k**2 + 7*k. Let z be f(7). Suppose 5*l + 0 = -5, 3*l - z = -4*t. Let c be -2*(3 - 213/6). What is the greatest common factor of t and c?
13
Suppose 5*s = 27 + 13. Let l = 14 - s. What is the greatest common divisor of l and 3?
3
Suppose -311 = -5*g - 71. What is the highest common factor of g and 12?
12
Suppose 0*x = 2*x - 4. What is the greatest common factor of 3 and x?
1
Suppose 0*x = 4*x + 20, 5*x = -3*l - 13. Suppose 5 = g, l*d - 49 = -2*g - 3*g. What is the greatest common factor of 48 and d?
6
Let c be -12*(33/(-6) + 3). Suppose -2*r + 5*m = 3*r - c, -2*r = -3*m - 8. Let n be 3 + -1 - -14*2. Calculate the greatest common factor of n and r.
10
Let h be -3 + 1 + (2 - 5). Let w = -3 - h. Suppose 300 = 3*p + w*p. What is the highest common divisor of 24 and p?
12
Suppose 4*n + 0*n = 144. Let d(l) = 0 + 2 + 2*l - 5. Let w be d(6). Calculate the greatest common divisor of w and n.
9
Suppose -g = 2*y - 22, g + 2*y = 2*g - 30. Calculate the greatest common factor of 78 and g.
26
Suppose -2*c = -c - 3*t - 26, -c - 5*t = 14. Suppose z = 4*z - 33. What is the highest common divisor of z and c?
11
Let n(i) = -i**2 - 9*i + 10. Let j be n(-10). Suppose j*x + 3*x = -3*v - 3, -4*x = 2*v + 8. What is the greatest common divisor of 2 and v?
2
Let r(q) = 10*q + 1. Let a be r(-5). Let i = -35 - a. What is the greatest common factor of 35 and i?
7
Let l(f) = -f**3 - f**2 + 6*f - 6. Let h be l(-5). Let a be (7 - 10)*(-8)/3. What is the greatest common factor of a and h?
8
Suppose 3*h + d - 15 = 4*d, 2*h - 10 = -4*d. What is the greatest common divisor of 20 and h?
5
Suppose 8*r - 13*r = -125. Calculate the highest common divisor of 10 and r.
5
Let v = 50 + -37. What is the highest common divisor of v and 13?
13
Suppose 4*f + 12 = 8*f. Suppose 0 = f*d - 0*d + 3*q - 108, 3*d - 108 = -4*q. Let h = d + -21. What is the highest common factor of 45 and h?
15
Let s = 8 + 0. Let i(v) = -v + 1. Let l(f) = -12*f + 9. Let p(z) = 3*i(z) - l(z). Let x be p(s). Calculate the highest common divisor of x and 44.
22
Suppose 4*m + 2*q + 77 = 287, 0 = m - q - 57. Calculate the greatest common factor of 6 and m.
6
Suppose 2*m = 0, 5*a + 4*m = 5*m. Let b be a/((-3)/3 - 1). Suppose 0 = 3*n - b*n - 216. What is the highest common factor of 8 and n?
8
Let r be (-110)/3*(5/(-2) + -5). Let v = -21 + 46. Calculate the highest common factor of v and r.
25
Let o = 6 + -3. Let p = -58 - -61. What is the greatest common factor of o and p?
3
Suppose -5*v + z + 14 = -4*v, 0 = -5*v - 4*z + 52. Suppose 0 = -23*t + 11*t + 1008. Calculate the greatest common divisor of t and v.
12
Suppose 109 = n + 2*n + k, 4*n - 3*k = 128. Calculate the highest common factor of n and 14.
7
Let s be -6 + 1830/12 - (-6)/4. What is the highest common factor of 37 and s?
37
Suppose 0 = -2*k - 2*a, 2*a - 15 = -0*k - 5*k. Let b(r) = 5*r - 4. Let i be b(k). What is the highest common divisor of 21 and i?
21
Suppose 220 = 5*o + 4*p, o + 2*p = 21 + 17. Calculate the highest common divisor of 24 and o.
24
Suppose -2*a + a = -8. Let g(c) = -c**3 + 9*c**2 - 4*c + 1. Let y be g(a). Calculate the greatest common divisor of y and 11.
11
Let y(n) = n**2 + 7*n + 2. Let